?
13, 1429
What are the prime factors of 8306?
2, 4153
What are the prime factors of 10152?
2, 3, 47
What are the prime factors of 11152?
2, 17, 41
What are the prime factors of 8355?
3, 5, 557
What are the prime factors of 65864?
2, 8233
What are the prime factors of 1227?
3, 409
List the prime factors of 3468.
2, 3, 17
List the prime factors of 172052.
2, 43013
List the prime factors of 2244.
2, 3, 11, 17
List the prime factors of 8353.
8353
List the prime factors of 1758.
2, 3, 293
List the prime factors of 4947.
3, 17, 97
List the prime factors of 139840.
2, 5, 19, 23
List the prime factors of 650.
2, 5, 13
What are the prime factors of 75294?
2, 3, 47, 89
List the prime factors of 2029.
2029
List the prime factors of 7614.
2, 3, 47
List the prime factors of 8952.
2, 3, 373
List the prime factors of 2950.
2, 5, 59
List the prime factors of 657.
3, 73
List the prime factors of 474.
2, 3, 79
List the prime factors of 773.
773
List the prime factors of 8524.
2, 2131
List the prime factors of 855.
3, 5, 19
List the prime factors of 9924.
2, 3, 827
List the prime factors of 896.
2, 7
List the prime factors of 149618.
2, 7, 10687
What are the prime factors of 1348?
2, 337
List the prime factors of 1001.
7, 11, 13
List the prime factors of 60761.
60761
What are the prime factors of 806?
2, 13, 31
List the prime factors of 18079.
101, 179
List the prime factors of 23471.
7, 479
List the prime factors of 226.
2, 113
What are the prime factors of 22013?
22013
List the prime factors of 6615.
3, 5, 7
List the prime factors of 116373.
3, 38791
List the prime factors of 512.
2
What are the prime factors of 4461?
3, 1487
What are the prime factors of 99753?
3, 41, 811
List the prime factors of 370.
2, 5, 37
What are the prime factors of 917?
7, 131
List the prime factors of 2877.
3, 7, 137
What are the prime factors of 10147?
73, 139
What are the prime factors of 5260?
2, 5, 263
List the prime factors of 23884.
2, 7, 853
List the prime factors of 1325.
5, 53
What are the prime factors of 932?
2, 233
List the prime factors of 44360.
2, 5, 1109
List the prime factors of 2494.
2, 29, 43
What are the prime factors of 148410?
2, 3, 5, 17, 97
What are the prime factors of 467?
467
What are the prime factors of 21761?
47, 463
List the prime factors of 830.
2, 5, 83
List the prime factors of 30008.
2, 11, 31
What are the prime factors of 22088?
2, 11, 251
What are the prime factors of 36944?
2, 2309
List the prime factors of 6758.
2, 31, 109
List the prime factors of 22100.
2, 5, 13, 17
What are the prime factors of 7454?
2, 3727
What are the prime factors of 73591?
7, 10513
List the prime factors of 7979.
79, 101
List the prime factors of 597.
3, 199
List the prime factors of 4490.
2, 5, 449
What are the prime factors of 29121?
3, 17, 571
What are the prime factors of 6670?
2, 5, 23, 29
List the prime factors of 16712.
2, 2089
What are the prime factors of 9345?
3, 5, 7, 89
What are the prime factors of 10133?
10133
List the prime factors of 1154.
2, 577
List the prime factors of 5582.
2, 2791
What are the prime factors of 29600?
2, 5, 37
What are the prime factors of 25467?
3, 13, 653
What are the prime factors of 9428?
2, 2357
What are the prime factors of 3051?
3, 113
What are the prime factors of 348?
2, 3, 29
What are the prime factors of 23242?
2, 11621
List the prime factors of 14888.
2, 1861
List the prime factors of 114.
2, 3, 19
List the prime factors of 1667.
1667
List the prime factors of 2036.
2, 509
What are the prime factors of 66?
2, 3, 11
What are the prime factors of 108868?
2, 17, 1601
List the prime factors of 847.
7, 11
List the prime factors of 32060.
2, 5, 7, 229
List the prime factors of 13567.
13567
List the prime factors of 18802.
2, 7, 17, 79
List the prime factors of 1447.
1447
What are the prime factors of 92799?
3, 7, 491
What are the prime factors of 5341?
7, 109
List the prime factors of 14555.
5, 41, 71
List the prime factors of 1093.
1093
What are the prime factors of 5950?
2, 5, 7, 17
List the prime factors of 710.
2, 5, 71
What are the prime factors of 28247?
47, 601
What are the prime factors of 2664?
2, 3, 37
What are the prime factors of 457?
457
List the prime factors of 16.
2
List the prime factors of 46799.
53, 883
List the prime factors of 209.
11, 19
List the prime factors of 2997.
3, 37
List the prime factors of 2698.
2, 19, 71
List the prime factors of 223.
223
List the prime factors of 156339.
3, 29, 599
List the prime factors of 24173.
23, 1051
What are the prime factors of 50438?
2, 25219
List the prime factors of 469.
7, 67
What are the prime factors of 168621?
3, 56207
What are the prime factors of 762?
2, 3, 127
List the prime factors of 47637.
3, 67, 79
List the prime factors of 666.
2, 3, 37
List the prime factors of 61208.
2, 7, 1093
What are the prime factors of 68752?
2, 4297
What are the prime factors of 2010?
2, 3, 5, 67
What are the prime factors of 14896?
2, 7, 19
List the prime factors of 120209.
120209
What are the prime factors of 69227?
37, 1871
What are the prime factors of 2988?
2, 3, 83
List the prime factors of 2048.
2
What are the prime factors of 31635?
3, 5, 19, 37
What are the prime factors of 4813?
4813
What are the prime factors of 1232?
2, 7, 11
List the prime factors of 3457.
3457
What are the prime factors of 3004?
2, 751
List the prime factors of 513.
3, 19
List the prime factors of 3620.
2, 5, 181
List the prime factors of 1358.
2, 7, 97
What are the prime factors of 1096?
2, 137
List the prime factors of 1289.
1289
What are the prime factors of 1337?
7, 191
What are the prime factors of 17857?
7, 2551
List the prime factors of 7708.
2, 41, 47
What are the prime factors of 895?
5, 179
List the prime factors of 7603.
7603
What are the prime factors of 158521?
11, 14411
What are the prime factors of 18547?
17, 1091
List the prime factors of 24954.
2, 3, 4159
What are the prime factors of 530?
2, 5, 53
What are the prime factors of 71284?
2, 71, 251
What are the prime factors of 1508?
2, 13, 29
List the prime factors of 9085.
5, 23, 79
What are the prime factors of 103324?
2, 13, 1987
What are the prime factors of 20141?
11, 1831
What are the prime factors of 81274?
2, 40637
List the prime factors of 2580.
2, 3, 5, 43
What are the prime factors of 22474?
2, 17, 661
List the prime factors of 5636.
2, 1409
List the prime factors of 81423.
3, 83, 109
List the prime factors of 8901.
3, 23, 43
What are the prime factors of 1679?
23, 73
List the prime factors of 52707.
3, 17569
What are the prime factors of 4428?
2, 3, 41
What are the prime factors of 1589?
7, 227
List the prime factors of 113517.
3, 12613
List the prime factors of 38141.
43, 887
List the prime factors of 19527.
3, 23, 283
List the prime factors of 2271.
3, 757
List the prime factors of 18602.
2, 71, 131
List the prime factors of 37522.
2, 73, 257
What are the prime factors of 1985?
5, 397
What are the prime factors of 472?
2, 59
List the prime factors of 1572.
2, 3, 131
List the prime factors of 5251.
59, 89
What are the prime factors of 2945?
5, 19, 31
What are the prime factors of 35582?
2, 17791
List the prime factors of 5660.
2, 5, 283
What are the prime factors of 8295?
3, 5, 7, 79
What are the prime factors of 91810?
2, 5, 9181
List the prime factors of 8547.
3, 7, 11, 37
What are the prime factors of 4124?
2, 1031
List the prime factors of 145.
5, 29
List the prime factors of 32303.
32303
What are the prime factors of 339?
3, 113
List the prime factors of 4147.
11, 13, 29
List the prime factors of 3840.
2, 3, 5
List the prime factors of 1207.
17, 71
List the prime factors of 1800.
2, 3, 5
List the prime factors of 20833.
83, 251
What are the prime factors of 2548?
2, 7, 13
List the prime factors of 57.
3, 19
What are the prime factors of 492?
2, 3, 41
List the prime factors of 5417.
5417
List the prime factors of 2470.
2, 5, 13, 19
What are the prime factors of 33808?
2, 2113
What are the prime factors of 2103?
3, 701
List the prime factors of 174091.
174091
What are the prime factors of 2723?
7, 389
List the prime factors of 1531.
1531
What are the prime factors of 129176?
2, 67, 241
What are the prime factors of 827?
827
What are the prime factors of 3986?
2, 1993
List the prime factors of 75199.
139, 541
What